 2*a + 169 = -h + 10, 4*h = -4*a - 312. Let z = -58 - a. Does 23 divide z?
True
Suppose 513 = 4*k - 47. Is k a multiple of 24?
False
Let p = -30 + -30. Let n = p + 20. Let y = n - -75. Is y a multiple of 22?
False
Suppose 5 = -5*l - 4*k + 20, 2*k + 6 = 2*l. Is 13 + 4 + -5 + l a multiple of 13?
False
Let k be (10/(-6))/(1/(-63)). Let h = k + -57. Does 13 divide h?
False
Does 4 divide (-2 + -3)/((-2)/4)?
False
Let o = 41 - 5. Is 12 a factor of o?
True
Let r be -5 + 8 - (2 - 4). Suppose -r*o = -10, -2*c - 5*o + 156 = -3*o. Does 19 divide c?
True
Is 7850/90 + (-4)/18 a multiple of 8?
False
Let t be 2 + 0 + -4 + 2. Let m = -11 - -16. Suppose -2*s + 157 = 3*c - t*s, -m*s + 221 = 4*c. Does 20 divide c?
False
Suppose -r + 20 = 1. Let s be 5/25 - r/(-5). Suppose 0 = -i + s*i - 144. Does 21 divide i?
False
Suppose -t + 1 = -3. Suppose t*q = 8*q. Suppose 3*j = -4*g + 6*g + 158, q = -j + g + 54. Does 19 divide j?
False
Let m = -4 - -7. Let d be (-1)/(-3) - m/9. Suppose -3*j - 2*v + 89 = d, -144 - 31 = -5*j + 2*v. Is j a multiple of 11?
True
Let k(v) = v + 70. Does 56 divide k(-14)?
True
Let o be (2 - 0) + -4 - 23. Let d = o - -40. Does 8 divide d?
False
Suppose -6*b + 33 + 117 = 0. Is b a multiple of 3?
False
Let j = 1 - -1. Let l(g) = 5*g + 3*g**2 - g**2 + 6 - g**2 + 0*g**j. Is 6 a factor of l(-6)?
True
Suppose 5*h - 27 - 131 = -4*a, -5*a + 4*h + 177 = 0. Is a a multiple of 16?
False
Let l = -9 + 19. Is (-6)/(-4) + 225/l a multiple of 12?
True
Suppose 3*y + 106 = 5*l, -3*y + 5*l + 56 = -6*y. Let b = y - -81. Is 18 a factor of b?
True
Let d(u) = 12*u + 23. Is 33 a factor of d(2)?
False
Suppose 2*k - 3 = 1. Suppose k*h - 7*h = -5. Is (-1)/((-2)/18) - h a multiple of 6?
False
Suppose 3*w + y = -23, 5*w = -2*y - 30 - 10. Does 10 divide 305/10 + (-3)/w?
False
Let i(z) be the third derivative of 31*z**5/60 - z**4/3 + z**3/2 - 3*z**2. Let h be i(5). Is 18 a factor of ((-2)/(-3))/(12/h)?
False
Let r = 101 + -79. Is r a multiple of 11?
True
Suppose 0 = -4*s - 7 - 1. Is 7 a factor of 110/4 + (-3)/s?
False
Suppose -2*m + 6 = -4. Suppose -m*o = 4*x - 117, -2*x = -4 - 2. Does 21 divide o?
True
Suppose 15*n - 1378 = 167. Does 12 divide n?
False
Let s(t) = 24*t + 7. Let u be s(5). Let x = u - 82. Suppose -x = 2*y - 7*y. Is 7 a factor of y?
False
Let d be -1 - -17 - 0/(-3). Suppose 5*m = 4*s - 0*m - 18, d = 2*s + m. Is s even?
False
Let l = 4 + 0. Let z be ((-35)/l)/(3/(-48)). Is ((-18)/15)/((-6)/z) a multiple of 14?
True
Suppose 2*t = -w + 129, -25 - 41 = -t + w. Does 7 divide t?
False
Let b(n) = -23*n - 1. Let l = 7 + -12. Let v be b(l). Suppose 4*q + x - v = 0, 0*x = -3*q + 2*x + 91. Is 12 a factor of q?
False
Suppose -m + 13 = -0*m. Suppose 1 - m = -4*x. Is x a multiple of 3?
True
Is 13 a factor of (2/2)/(9/180)?
False
Let z = 7 + 13. Is 14 a factor of z?
False
Suppose -v = -4*v + 69. Suppose 0 = -2*y - v + 105. Is y a multiple of 19?
False
Let r = 41 + -24. Is r a multiple of 5?
False
Let f(i) = 36*i**2 - 4*i + 2. Let m be f(2). Let s = m - 70. Suppose 3*c - s = -c. Is 15 a factor of c?
False
Is 6/30 - (-69)/5 a multiple of 3?
False
Suppose 0 = -g + 2*g + b - 7, 5*g - 4*b - 62 = 0. Does 2 divide (g/(-3))/((-4)/6)?
False
Let c = -25 - -37. Suppose -2*d + 2 = -c. Is 2 a factor of d?
False
Let r = -17 + 12. Let g = r - -16. Suppose -g = -2*i + 25. Is 7 a factor of i?
False
Suppose 48 - 169 = 4*u - 5*d, 3*u = -3*d - 84. Let b = 78 + u. Is b a multiple of 20?
False
Suppose 3*j - 7*j - 2*r - 438 = 0, 2*r - 222 = 2*j. Is 17 a factor of (18/(-15))/(3/j)?
False
Let d be 2 - ((-109)/1 - 3). Suppose d = 3*n - 5*v, -2*n + 76 = -v + 3*v. Does 13 divide n?
False
Let g = -91 + 52. Let n be (g/(-9) - -1)*9. Suppose 3*t + 0*l = -2*l + 32, 5*t - n = -2*l. Is t a multiple of 8?
True
Let h(r) = r + 6. Let q be h(-6). Suppose q*o - 4*j = 4*o - 16, -j = 4*o - 16. Does 4 divide o?
True
Suppose 0 = 5*r - 5*c + 75, 2*c + 2*c + 24 = -3*r. Let u(l) = -4*l - 11. Does 12 divide u(r)?
False
Suppose -5 - 7 = y + 2*v, 18 = -4*y + 2*v. Let c be (130/15)/((-6)/(-9)). Let f = c + y. Is f a multiple of 7?
True
Let u(d) be the first derivative of 7*d**4/4 + d**3/3 - d**2/2 + 3. Does 2 divide u(1)?
False
Let d = 2 - -3. Suppose -3*p - 4*y + 12 = 0, -3*p - d*y + 7 + 2 = 0. Is p a multiple of 8?
True
Suppose 0 = i - 3*i + 2. Let v(a) = 14*a - 1. Is 4 a factor of v(i)?
False
Suppose x = 22 + 52. Is (-2)/6 - x/(-6) a multiple of 6?
True
Let a(d) = d**3 - 11*d**2 + d - 8. Let x be a(11). Suppose -13 = -x*n + k, 0 = 4*k + 2 - 22. Is 6 a factor of n?
True
Suppose -13*p - 39 = -16*p. Does 8 divide p?
False
Let q(n) be the first derivative of 3 + 1 + 3*n**2 - 2 + 2*n. Is 11 a factor of q(2)?
False
Let u(r) = r**3 - 7*r**2 + 4*r + 2. Is 10 a factor of u(7)?
True
Let w(x) be the first derivative of x**3 + 5*x**2/2 - 2*x - 2. Suppose -3*s + 5*f + 12 = s, -4*s = 3*f - 12. Is 20 a factor of w(s)?
True
Let m(z) = -2*z + 9. Let w be m(6). Let b = 2 + w. Is (2 + b)/(2/30) a multiple of 8?
False
Let n = -2 - -7. Suppose -87 = -4*t + n. Does 18 divide t?
False
Let h(q) = q + 38. Is h(18) a multiple of 8?
True
Suppose -k + 5*f = 13, -2*k - 2*f - 20 = -k. Let i be (k/(-4))/((-3)/(-4)). Is (i/(-4))/(15/(-140)) a multiple of 13?
False
Let z = 13 - -15. Suppose -z = -0*f - f - 5*y, 0 = 4*f - 5*y - 162. Does 19 divide f?
True
Let t(q) = 2*q**3 + q - q**3 - 2 - q**2 - 2*q**3. Is 5 a factor of t(-3)?
False
Let y(p) = -2*p - 2. Let a(g) = g**2 + 10*g. Let z be a(-9). Let m be y(z). Suppose m = 2*o + 2. Is o a multiple of 3?
False
Is 12 a factor of 103 - 2 - (10 + -10)?
False
Let a = 22 + -16. Let d(f) = -9*f + 3*f**2 - f**2 + a + 5*f. Does 14 divide d(4)?
False
Let l(z) = z**2 - 9*z + 8. Let a be l(11). Is 141/5 + (-6)/a a multiple of 14?
True
Let q(d) = 20*d**2 - 6*d - 10. Is 19 a factor of q(3)?
True
Suppose 4*i = -4*b + b + 24, -4*i + 3*b = 0. Suppose 0*r = i*r - 2*y + 85, 0 = 5*r + 5*y + 175. Let w = r - -49. Is 8 a factor of w?
False
Let c(p) be the first derivative of p**4/4 + p**2/2 + 7*p + 8. Is 7 a factor of c(0)?
True
Let w be ((-3)/9)/(3/(-9)). Let y be 0/(-2*w/2). Suppose y*g + k + 6 = g, k = 2*g - 9. Does 3 divide g?
True
Let g = -70 - -114. Is g a multiple of 10?
False
Let k = 84 + -54. Suppose -2*f + 4*f - k = 0. Is f a multiple of 10?
False
Suppose -3 = -3*f + 111. Does 11 divide f?
False
Let k(a) = a**3 - 6*a**2 + a - 8. Let b be k(6). Let c = 6 + b. Suppose -c*z + 0*g = -3*g - 35, 0 = 2*g - 6. Is 11 a factor of z?
True
Suppose 0 = -0*j - 4*j + 2*b + 230, 3*j - 185 = 4*b. Is j a multiple of 5?
True
Suppose -3*f + 15 = -0*f, -5*f = -3*n - 13. Suppose -j - n*j = -240. Suppose 2*s = -s + j. Is s a multiple of 8?
True
Does 14 divide (14/3)/((-1)/(-21))?
True
Suppose 3*g = 272 + 313. Is 13 a factor of g?
True
Let z(h) = -24*h. Suppose -9 + 21 = 4*b. Suppose 0*u - b*u + 10 = 5*g, 2*g = 5*u - 27. Is 12 a factor of z(g)?
True
Suppose 2*q - 7*q = -10. Suppose -q*p + 10 = -0. Let o(m) = m + 6. Is 6 a factor of o(p)?
False
Let u(w) = w**2 - 14*w - 28. Is u(17) a multiple of 23?
True
Suppose z = 4*a - 637, -5*z + z - 308 = -2*a. Is a a multiple of 14?
False
Is (6/3 - 2) + 8 a multiple of 4?
True
Suppose 3*g + 2*l - 290 = 0, 5*g - 4*l + 0*l = 520. Is 18 a factor of g?
False
Let t = 296 - 134. Is t a multiple of 20?
False
Let g(m) = 1. Let a(q) = q + 7. Let r(u) = a(u) + 2*g(u). Let i be r(-4). Suppose i*z - 16 - 34 = 0. Does 10 divide z?
True
Let c = -13 - -5. Let k(a) = -a - 2. Let o be k(6). Is 2/o - 210/c a multiple of 13?
True
Let a = -97 + 101. Is a a multiple of 2?
True
Let h be 33/2*(-28)/(-6). Suppose -3*a + h = 4*g - 30, -3*a + g = -82. Is 8 a factor of a?
False
Suppose 4*h - 161 = 3*d, -4*h = -4*d - 28 - 136. Let w = 69 - h. Let s = 44 - w. Is 11 a factor of s?
False
Suppose q - 5*q = -452. Does 27 divide q?
False
Suppose 0*h = h + 7. Let s(y) = -y**3 - 5*y**2 + 6*y + 1. Is s(h) a multiple of 19?
True
Suppose -4*j + 4*z = -84, 4*j + 0*z = 2*z + 86. Is j a multiple of 11?
True
Suppose 29 = -5*x + 129. Does 20 divide x/(-6)*(4 - 10)?
True
Suppose -4*h - 2*o + 140 = 0, -3*o - 11 = h - 41. Is 9 a factor of h?
True
Does 54 divide (-2)/14*-1131 - (-9)/21?
True
Let z be 116/6 + 2/3. Suppose 0 = o - 7*o - 12. Let i = o + z. Is i a multiple of 9?
True
Let f(i) = 7 - 2 + 2 + 5 + 6*i + i**2. Let g(m) = -11*m**2 + m + 1. L